 - 14. Let p(a) = 21*a**2 - 2. Is p(s) composite?
True
Suppose 0 = v - 0*v + 2. Let s(g) = 168*g**2 + 2*g + 5. Is s(v) composite?
False
Suppose 0*q + 1216 = -2*q + 5*k, q + 2*k + 617 = 0. Let h = 1866 + q. Is h prime?
False
Suppose 10876 = 6*s - 2*s. Is s a prime number?
True
Let k(z) = -2*z**3 - 14*z**2 - 17*z - 23. Let b(r) = -12*r**2. Let v be b(1). Is k(v) a prime number?
True
Is (9/27)/((-3)/(-27603)) composite?
False
Let m(d) = -4*d**2 + 4*d - 10. Let s be m(11). Let v = s - -899. Is v a composite number?
False
Let y = 32 + -27. Suppose y*c - 4*l - 2019 = -5*l, -4*l = -16. Is c composite?
True
Let n(x) = -3*x**2 - 57*x + 60*x + x**3 + 9*x**2. Let j be n(-5). Let a(f) = f**3 - 9*f**2 - 6*f - 9. Is a(j) a prime number?
True
Let a = 727 + 2092. Is a a composite number?
False
Let o(s) = -1 + s - 3*s - 2*s. Let l be o(-1). Suppose -4*w + 293 = -5*f, 0 = w + l*f + f - 47. Is w a composite number?
False
Let b(j) = 4 + 0*j + 12 + 0 + j. Let k be b(-12). Suppose n = h - 134, -550 + 9 = -k*h + 3*n. Is h composite?
False
Let z(x) = x**2 - x - 2. Let i(u) = -u - 4. Let q be i(-7). Let h be z(q). Is ((-259)/(-14))/(2/h) a composite number?
False
Suppose 5*m - 4870 = -0*m. Let d(n) = 568*n + 7. Let z be d(-1). Let c = m + z. Is c prime?
False
Let l be (-18)/(-24)*(-4)/(-1). Suppose 4*p - 410 = 3*p + 3*f, -l*f - 1613 = -4*p. Is p composite?
False
Is 8712984/231 - ((-51)/(-33) + -1) prime?
False
Suppose -l = 2*w + 3*w - 14063, -5636 = -2*w + 5*l. Is w a composite number?
True
Let v(g) = -2*g - 7. Let w be v(-12). Let z(c) = 6*c**2 - 32*c + 23. Is z(w) composite?
False
Suppose -11*z = -5*z - 2256. Suppose -3*r + 3*k = -6*r + 288, 4*r - 4*k = z. Suppose -11*j + 6*j + r = 0. Is j a composite number?
False
Let f(q) = 125*q - 3. Let a(u) = 626*u - 14. Let x(t) = 2*a(t) - 11*f(t). Suppose 167*s - 163*s + 16 = 0. Is x(s) prime?
False
Let b(c) = 2*c**2 + 95*c - 109. Is b(32) a prime number?
False
Let x = -38 + 43. Let w = x + 9. Is w prime?
False
Suppose 7*u + 4*k - 29468 = 5*u, -4*u - k = -58950. Is u a prime number?
False
Let v = -1330 - -2727. Is v a prime number?
False
Let l be 1 + (-15)/(-3) + -2. Suppose 2*k + l*c - 674 = 0, 3*k - 4*c - 1004 = -3*c. Is k a prime number?
False
Let j be (36/(-90))/(8/10)*-6. Suppose -4*w = 5*n - 3145, -j*n - n + 3*w = -2516. Is n composite?
True
Let q = 21 - 17. Let h be (q - 8)*(-34)/8. Suppose h*z - 22*z + 1235 = 0. Is z composite?
True
Let p(b) = 3*b - 1. Let y(o) = -o**2 - 8*o + 10. Let k be y(-9). Let x be p(k). Suppose 3*w - 731 = -4*d - 153, x*d + w - 288 = 0. Is d a prime number?
False
Let j = -152 + 154. Suppose -8*t = -j*t - 7554. Is t a composite number?
False
Suppose 94 = -3*w - 1307. Let a = w - -2360. Is a prime?
False
Let z(k) = k**3 + 5*k**2 + k + 7. Let m be z(-5). Suppose 3*p - 216 = -h, -4*h + 5*h - 191 = m*p. Is h a composite number?
True
Is 0 - -8568 - ((0 - 0) + 5) a prime number?
True
Suppose -130*t + 55783 = -123*t. Is t composite?
True
Let a(y) = -34*y - 27. Let p(o) = 35*o + 27. Let b(s) = -7*a(s) - 6*p(s). Is b(8) prime?
True
Let y be 16/(-12) - 129/(-9). Suppose b - y = 30. Is b prime?
True
Let f = 94 - 87. Suppose 4*y - 3*t = -f*t + 372, -5*y + 4*t = -501. Is y composite?
False
Suppose 6*j - 8 - 34 = 0. Suppose 0 = 4*i - 2*z - 50, 0 = 2*i - j*i + 2*z + 60. Let f(m) = m**3 - 8*m**2 - 16*m + 15. Is f(i) a prime number?
False
Let y be 696 - 20/15*-3. Suppose 1125 = 4*j + z, 4*j - z - 1120 = 3*z. Let k = y - j. Is k prime?
True
Let x be 0/(-15) - (-3 + 0). Let q = 6 + -4. Suppose 2*h + 4 = -q*h, h = x*m - 268. Is m a composite number?
False
Let t(o) = -422*o**3 - o**2 - 1. Is t(-2) a composite number?
False
Let z = -13 - -16. Suppose -4*y + z*y = 0. Suppose -16 + y = -4*m. Is m prime?
False
Let f = -8 - -10. Suppose 3*j + f*j = 0. Suppose 4*x + 38 - 186 = j. Is x a composite number?
False
Let l(m) = 2*m + 27. Let b be l(-10). Suppose -b*j - 171 + 584 = 0. Is j a composite number?
False
Let j be (3 - -1) + -669*4/(-12). Let n be 1 + 1 - (0 + -5). Suppose 0 = -5*u + 3*r + 293, 2*r - n*r + j = 4*u. Is u prime?
False
Let n(o) = -7*o + 0*o - o**3 + 2 + o + 9*o**2 - 3*o. Let v(u) = u**3 - 12*u**2 + 2*u - 17. Let s be v(12). Is n(s) a composite number?
False
Suppose 3 = -0*v - 3*v, 0 = -3*a - 3*v + 8634. Is a a prime number?
True
Suppose -2*q = 2*q. Let x(f) = f**3 - 12. Let c be x(q). Is 0*3/c - -373 a composite number?
False
Suppose 0 = 40*l - 4*l - 172476. Is l prime?
False
Suppose -112 = 2*k - 10*k. Is (-4)/k - (5 - 46124/28) a composite number?
True
Let d = 1 + 31. Let j be d/(-6) + 2/6. Let q(w) = -w**3 - 6*w**2 - 7*w. Is q(j) composite?
True
Let h(r) = -r**2 - r + 1. Let a be h(1). Let t(c) = -3*c**2 - 2*c - 1. Let q be t(a). Is (3/9)/(q/(-186)) prime?
True
Let n(m) = 6*m**2 + 47*m - 47. Is n(-22) prime?
True
Suppose -5*q + 53 = 3*f, 5*q + 3*f - 52 = f. Let w(t) = -2*t + 11. Let x be w(q). Is (-3)/(x/93) + 0 composite?
False
Let k be 290*(2 + -4 + 0/(-4)). Let j = k - -1191. Is j a prime number?
False
Let w = 1771 + 5712. Is w composite?
True
Suppose 3*f + 3*q = 6, -5*f + q - 5*q + 12 = 0. Let c be (-12)/48 - 2975/f. Is (-2)/10 - c/20 prime?
True
Let x(r) be the first derivative of r**3/3 + 4*r**2 - 16*r - 6. Is x(7) a composite number?
False
Let w(m) be the third derivative of m**5/30 - 13*m**4/24 + 7*m**3/3 - 13*m**2 - 1. Is w(19) prime?
False
Let v(g) = g**2 + 6*g - 7. Let y be v(-7). Suppose 3*t - 28 = -f - 3*f, 3*f - 3*t - 21 = y. Is (f - 8)/((-1)/37) a composite number?
False
Let q(w) = -22*w + 16. Let d be q(-9). Suppose 2*u = 208 + d. Is u prime?
True
Let s(n) = 877*n**2 + 5*n - 7. Is s(3) a prime number?
True
Suppose -t + 7 + 185 = 0. Let n = t - 78. Let v = n + 43. Is v composite?
False
Let p(f) = 11*f + 4. Let g be p(6). Let w = 117 - g. Let h = w - -334. Is h a prime number?
False
Suppose 14*s - 11281 = 39525. Is s a composite number?
True
Let m(v) = -23 + 21*v**2 - 4*v**2 + 7*v - 8*v**2 - 2*v**2. Is m(-13) prime?
True
Let x = -129 - -133. Let a(g) = 2*g**3 - 5*g**2 - 2*g - 5. Is a(x) a prime number?
False
Let g(u) = 4*u**3 - u**2 - 2*u + 1. Let h(a) = -a**2. Let c(f) = -4*f**2 + f. Let w(t) = c(t) - 5*h(t). Let d(v) = -g(v) - 6*w(v). Is d(-4) prime?
True
Let x(f) = -72*f - 1. Suppose -4*g + 24 = 3*y + 6, 3*g - 5 = 2*y. Let o = -6 + g. Is x(o) composite?
True
Is (-6 + 3)*-1 + 4640 a prime number?
True
Suppose 10 = 5*t, -2*t - 4933 = -4*c + 6891. Is c a composite number?
False
Is (48025 - (14 + -6))/(3/3) a prime number?
True
Let i(h) = -2*h**3 - 41*h**2 - 89. Is i(-36) composite?
False
Suppose 5*j + w = 16 + 3, -w = -2*j + 9. Suppose j*b - 5*q = -2497, -q + 3095 = -9*b + 4*b. Let f = 1021 + b. Is f composite?
True
Let l be (5/(-15))/((-1)/102). Suppose -59 = -3*j + l. Is j composite?
False
Suppose 0 = 12*m - 14*m + 140. Suppose j = 37 + m. Suppose 4*x = -j + 1391. Is x a prime number?
False
Let x(d) = -d**2 + 12*d - 24. Let i be x(10). Is (30/(-20))/(2/i) + 374 composite?
True
Let o be (-2 - 31)*5/15. Let h(c) = -c**2 - 12*c - 8. Let z be h(o). Is 771/z - (-3 + 3) prime?
True
Let k(x) be the first derivative of x**4/4 - 2*x**3 + 5*x**2/2 - 7*x + 1. Let t be k(5). Is (-4)/(-14) + (-621)/t a prime number?
True
Let y(m) = -7*m**3 + 13*m**2 - 3*m - 7. Let f(x) = x**3 - x**2 + x + 1. Let r = -5 - -11. Let i(a) = r*f(a) + y(a). Is i(6) composite?
False
Let n(v) = v**3 + 37*v**2 - 63*v + 98. Is n(-25) prime?
True
Let z = -19322 + 30127. Is z composite?
True
Is -6 - -8 - 8 - -76255 a prime number?
True
Let t = 19 + -20. Let f be 9/(-12)*(-4)/t. Is 1/(1*f/(-159)) a prime number?
True
Suppose 2*k - 87035 = n, 2*k - 18*n + 19*n = 87041. Is k prime?
False
Let g(o) = 2*o + 295. Suppose 3*n - 3 = 3. Suppose -w + 10 = -n*p, 0*p = -4*w + 4*p + 20. Is g(w) a prime number?
False
Suppose 2*v - 4*c - 10842 - 20148 = 0, 0 = -4*v + 3*c + 61985. Is v prime?
True
Let c(j) = -j**2 + 10*j - 8. Let b be c(7). Suppose 4*x + 5 = b. Suppose 8*n = 4*n + x*z + 290, -2*n = 3*z - 133. Is n prime?
True
Let a = 2544 + -1681. Is a composite?
False
Is ((-20)/(-5) + -5)/((-3)/19347) composite?
False
Suppose w + 5*y = 24, -y - 94 = -7*w + 2*w. Let t = -15 + w. Suppose -5*f + 2403 = -v, t*f + 4*v - 1 = 1931. Is f prime?
False
Let q(b) = -51*b - 2. Suppose -2*u + 2 - 12 = 0, y - 5*u - 24 = 0. Is q(y) a prime number?
False
S